 is 73 - -17?
8a
In base 3, what is -211 + -22101?
-100012
In base 6, what is 221 + 511?
1132
In base 8, what is 4 - 161?
-155
In base 10, what is -94 - -20?
-74
In base 11, what is 2 - -300?
302
In base 5, what is -210 + 144?
-11
In base 11, what is -1966 - -4?
-1962
In base 13, what is 2 - -2c?
31
In base 2, what is 111010111 - 11000?
110111111
In base 5, what is 34 - 14?
20
In base 13, what is 3 - 36?
-33
In base 11, what is -10 - 176?
-186
In base 2, what is 1011 + 11101?
101000
In base 4, what is 11 + -1033?
-1022
In base 13, what is -1c + -7?
-26
In base 15, what is -7c - 4?
-81
In base 15, what is -92e - -3?
-92b
In base 11, what is 6 - 654?
-649
In base 4, what is -12110 - 1?
-12111
In base 12, what is 3a12 - 0?
3a12
In base 4, what is -322 - 20?
-1002
In base 4, what is 1202 + -3?
1133
In base 2, what is -1000 - 1010010001?
-1010011001
In base 11, what is 17 + -1a?
-3
In base 5, what is 2430 + -1?
2424
In base 8, what is 2331 - -6?
2337
In base 9, what is 314 + 6?
321
In base 15, what is 3706 - -2?
3708
In base 8, what is -17 + 73?
54
In base 16, what is d - 39?
-2c
In base 8, what is 0 + 417?
417
In base 6, what is -5 - 1012?
-1021
In base 12, what is 137 - 2?
135
In base 7, what is 310 - -3?
313
In base 8, what is 55 + 131?
206
In base 4, what is -1113321 - 3?
-1113330
In base 4, what is -23 - 20?
-103
In base 12, what is -326 + -1?
-327
In base 10, what is -409 - 0?
-409
In base 13, what is 51 + -40?
11
In base 11, what is 1336 + -2?
1334
In base 15, what is -3 + -16e5?
-16e8
In base 8, what is 20 + 44?
64
In base 12, what is -261 - 0?
-261
In base 13, what is 1c0 + 3?
1c3
In base 9, what is 24 - 303?
-268
In base 7, what is 20 - -24?
44
In base 11, what is 10 - -8?
18
In base 16, what is -1b7 - -e?
-1a9
In base 12, what is 226 + 1?
227
In base 8, what is -13 + -1556?
-1571
In base 7, what is 33 - -40?
103
In base 6, what is 11005 - -2?
11011
In base 2, what is 1 - -110110110?
110110111
In base 3, what is 2001 + 101?
2102
In base 16, what is 2 - 3a?
-38
In base 10, what is -4248 + -2?
-4250
In base 8, what is -15 - 4?
-21
In base 5, what is 241 - -2210?
3001
In base 15, what is -3 - 39?
-3c
In base 10, what is 612 + 0?
612
In base 6, what is -5214 + 2?
-5212
In base 13, what is -5 - -189?
184
In base 15, what is -4 - a2?
-a6
In base 3, what is -1021012 + -12?
-1021101
In base 16, what is -15 - d7?
-ec
In base 4, what is 220 + 1?
221
In base 10, what is -2 - -8?
6
In base 12, what is -b - -280?
271
In base 9, what is -3 + -1268?
-1272
In base 14, what is 141 - 1?
140
In base 10, what is 357 + 1?
358
In base 15, what is -562 + -5?
-567
In base 3, what is -2211 - 10?
-2221
In base 9, what is -1345 - 2?
-1347
In base 9, what is 482 - 0?
482
In base 16, what is 19 + -10?
9
In base 8, what is 43 - 7?
34
In base 8, what is 13651 + -2?
13647
In base 10, what is 0 + 775?
775
In base 8, what is 3 - 5?
-2
In base 15, what is -87d - 1?
-87e
In base 9, what is -15 + 31?
15
In base 13, what is -79 - 28?
-a4
In base 6, what is 401 - -2?
403
In base 15, what is 13 - e2?
-ce
In base 7, what is -5 - -65?
60
In base 10, what is 8 + 6?
14
In base 8, what is -130 - 3?
-133
In base 14, what is 4 - -1d?
23
In base 7, what is -3 + 10602?
10566
In base 6, what is -1 - 325?
-330
In base 14, what is -1 - 158?
-159
In base 13, what is -1 - 16?
-17
In base 6, what is 5233 + 22?
5255
In base 2, what is 101111010110 + 101?
101111011011
In base 5, what is 1 + 11401?
11402
In base 6, what is 12 + -24?
-12
In base 5, what is 11 - -341?
402
In base 3, what is -100000 - 12?
-100012
In base 3, what is 11 + -1101121?
-1101110
In base 12, what is 2526 - -1?
2527
In base 10, what is 820 + 0?
820
In base 10, what is -650 + 10?
-640
In base 3, what is 102 + -1002?
-200
In base 13, what is -3 - -26?
23
In base 12, what is 0 + 2b5b?
2b5b
In base 12, what is -a45 + 2?
-a43
In base 9, what is -108 - 35?
-144
In base 3, what is 21 + 20110?
20201
In base 2, what is 10 + -100001?
-11111
In base 6, what is -2313 + -3?
-2320
In base 11, what is 4 - -1?
5
In base 16, what is -3211 - -5?
-320c
In base 3, what is 11 + -2212201?
-2212120
In base 11, what is -1 + -42?
-43
In base 14, what is -5 - -76a?
765
In base 4, what is -221 + 3?
-212
In base 8, what is -1077 - -1?
-1076
In base 2, what is -101 - -1001000011000?
1001000010011
In base 2, what is -100 - 1111000?
-1111100
In base 3, what is -2 + 122211?
122202
In base 12, what is 3 - -4b6?
4b9
In base 2, what is 1 - 101100?
-101011
In base 7, what is 1 - 63?
-62
In base 14, what is -13 - -913?
900
In base 2, what is -11101 + 100?
-11001
In base 2, what is -110 - -111110?
111000
In base 16, what is 7 - -5?
c
In base 4, what is -20 + 100?
20
In base 7, what is -6425 - 5?
-6433
In base 2, what is 11110 - 0?
11110
In base 16, what is -5 - -26?
21
In base 9, what is 72 - 41?
31
In base 16, what is a3 - -3?
a6
In base 4, what is -11 + 12300?
12223
In base 13, what is -1a1 - a?
-1ab
In base 7, what is -135 + -551?
-1016
In base 16, what is -31 - -5?
-2c
In base 2, what is -1101 - 11010100?
-11100001
In base 11, what is -2a4 + -3?
-2a7
In base 12, what is -b4 - -21?
-93
In base 2, what is 111000 + 110?
111110
In base 12, what is 117 + -2?
115
In base 3, what is -2201221 + 1?
-2201220
In base 16, what is -384 - -4?
-380
In base 13, what is 48 - 8?
40
In base 13, what is 11 - -320?
331
In base 6, what is -1053 + -5?
-1102
In base 3, what is -2001 + -1?
-2002
In base 2, what is -101001 + 1000001?
11000
In base 3, what is 2212 + -2?
2210
In base 14, what is -6 - 9c?
-a4
In base 5, what is -1 - 222311?
-222312
In base 12, what is 563 + 0?
563
In base 3, what is 101 - 11101?
-11000
In base 6, what is 1 - -35434?
35435
In base 16, what is -4fa + -6?
-500
In base 6, what is 305 + -21?
244
In base 11, what is 6 + -195?
-18a
In base 15, what is -4 + 10c?
108
In base 11, what is -13 - -346?
333
In base 4, what is -20 + 21?
1
In base 14, what is 650 - -3?
653
In base 3, what is -122111 - 1?
-122112
In base 14, what is 2 + -8c?
-8a
In base 2, what is -10 + 111?
101
In base 4, what is 1302 - 22?
1220
In base 13, what is -679 - 3?
-67c
In base 5, what is 2044 + -2?
2042
In base 16, what is 27 - -73?
9a
In base 3, what is -121 + -1120?
-2011
In base 4, what is 123201 - 11?
123130
In base 8, what is 36 + -72?
-34
In base 4, what is -3301 + 223?
-3012
In base 13, what is -24 + 60?
39
In base 9, what is 404 - 4?
400
In base 11, what is 20 - -263?
283
In base 5, what is 1 + 411?
412
In base 12, what is -5 + 646?
641
In base 15, what is -15 + -183?
-198
In base 2, what is -1001100101010 - 101?
-1001100101111
In base 13, what is 5 - -14?
19
In base 9, what is 3 - -5113?
5116
In base 4, what is 20 - -12220?
12300
In base 11, what is 12 + -1014?
-1002
In base 5, what is -22 + -1224?
-1301
In base 2, what is 1100011010 - -1?
1100011011
In base 9, what is -203 - -73?
-120
In base 5, what is 314 + 3?
322
In base 3, what is -200120001 + -2?
-200120010
In base 15, what is -10 + -54?
-64
In base 8, what is -1 + 234?
233
In base 5, what is 233042 + 10?
233102
In base 12, what is -293 - 1?
-294
In base 4, what is -2213 - 1?
-2220
In base 10, what is 248 - -7?
255
In base 16, what is 81 - -5?
86
In base 4, what is -131 + 30?
-101
In base 7, what is 2 + 215?
220
In base 14, what is d9 - 2?
d7
In base 14, what is 2 - -2?
4
In base 12, what is -2 + -234?
-236
In base 10, what is -14 + -6?
-20
In base 15, what is -c64 - -2?
-c62
In base 15, what is 1c + -e?
d
In base 5, what is -4020 - -2?
-4013
In base 6, what is -42 + 54?
12
In base 16, what is 0 + 18?
18
In base 8, what is -17 - -2077?
2060
In base 15, what is -161 + d?
-153
In base 10, what is 1 + 209?
210
In base 5, what is 3 - -100004?
100012
In base 6, what is -5 + -1321?
-1330
In base 9, what is 228 + -3?
225
In base 5, what is 41300 - -1?
41301
In base 16, what is -d - -15?
8
In base 4, what is -30022 - -1?
-30021
In base 3, what is 10 - 121?
-111
In base 12, what is 3 + 3b1?
3b4
In base 10, what is 5 - 1705?
-1700
In base 2, what is -100 + -100111001111?
-100111010011
In base 2, what is -100000001000 + -1001?
-100000010001
In base 12, what is 3 + -48?
-45
In base 10, what is 1380 + -3?
1377
In base 13, what is 4b + 17?
65
In base 10, what is 5 + 35?
40
In base 8, what is -36 + 107?
51
In base 13, what is -58 + -29